r?
True
Is 2003831 a composite number?
True
Is 3013531 a prime number?
True
Is 1357423 composite?
False
Is 16665269 prime?
True
Is 783739079 a composite number?
True
Is 762479 a composite number?
False
Is 1039881 prime?
False
Is 129238547 a composite number?
False
Is 5841391 composite?
True
Is 63828151 a prime number?
False
Is 109512373 prime?
True
Is 12612539 a prime number?
True
Is 406284181 a composite number?
True
Is 10878709 composite?
False
Is 19975237 composite?
False
Is 1221923969 a composite number?
True
Is 15089989 a composite number?
True
Is 153217423 a composite number?
False
Is 4152637 composite?
True
Is 1950061 a prime number?
True
Is 927361 a composite number?
False
Is 111498703 a prime number?
True
Is 3114509 a prime number?
True
Is 1143887 a prime number?
True
Is 12898042 a composite number?
True
Is 3426217 a composite number?
False
Is 240134033 prime?
False
Is 30205267 composite?
False
Is 1989007 composite?
False
Is 5401373 a composite number?
False
Is 61847353 a prime number?
True
Is 177949498 a composite number?
True
Is 1266599 a prime number?
False
Is 13970579 a composite number?
True
Is 4022941 prime?
False
Is 20722529 a composite number?
True
Is 43312057 a composite number?
False
Is 1066511 a prime number?
True
Is 394319 a prime number?
True
Is 1730107 composite?
True
Is 82187363 composite?
True
Is 35132365 prime?
False
Is 11963467 composite?
False
Is 9597179 prime?
True
Is 421418 prime?
False
Is 27272387 prime?
False
Is 29490815 a composite number?
True
Is 4243958 prime?
False
Is 48978959 prime?
True
Is 13363579 a composite number?
True
Is 34713163 a composite number?
True
Is 26712467 prime?
True
Is 34093451 a prime number?
False
Is 209406451 a prime number?
True
Is 107448973 composite?
True
Is 8262389 prime?
False
Is 75047615 a prime number?
False
Is 6309133 composite?
False
Is 32970545 a composite number?
True
Is 20853779 a composite number?
True
Is 128755103 prime?
False
Is 206951245 prime?
False
Is 459749 a composite number?
False
Is 175211 a composite number?
False
Is 265751 composite?
True
Is 15973817 a composite number?
False
Is 45068593 composite?
True
Is 110492927 prime?
False
Is 2353159 composite?
False
Is 2360219 prime?
True
Is 627931 composite?
True
Is 19132877 a composite number?
False
Is 4742903 composite?
True
Is 25274351 a composite number?
True
Is 138974434 a composite number?
True
Is 165330691 prime?
False
Is 19721339 composite?
True
Is 29540661 a prime number?
False
Is 3541793 a prime number?
False
Is 103502021 composite?
True
Is 2606873 prime?
True
Is 1116809 prime?
True
Is 1315151 composite?
False
Is 73078627 a prime number?
True
Is 25517909 composite?
False
Is 1967587 a prime number?
True
Is 594449 composite?
False
Is 4131031 a prime number?
True
Is 3288713 a prime number?
True
Is 12366337 a composite number?
False
Is 8007943 a composite number?
False
Is 6990941 a prime number?
False
Is 2191307 a composite number?
True
Is 1378427 prime?
True
Is 269522719 prime?
True
Is 69346 a prime number?
False
Is 6396503 composite?
True
Is 28643089 a prime number?
False
Is 433505041 a prime number?
False
Is 11445217 a composite number?
True
Is 1283973 prime?
False
Is 19957978 a prime number?
False
Is 43790731 composite?
True
Is 358059293 prime?
True
Is 9460181 composite?
True
Is 33335051 prime?
False
Is 98939257 a composite number?
True
Is 14052401 composite?
True
Is 263731 composite?
True
Is 464903 prime?
False
Is 3378289 prime?
True
Is 29826893 a prime number?
True
Is 284245739 composite?
False
Is 2135333 a prime number?
True
Is 1963307 a prime number?
False
Is 647215 a prime number?
False
Is 550906145 composite?
True
Is 48189211 a composite number?
True
Is 18234847 prime?
True
Is 13355569 a prime number?
False
Is 2264149 a composite number?
False
Is 249655141 a composite number?
True
Is 4336019 composite?
False
Is 68963 prime?
True
Is 1571961 prime?
False
Is 2138569 prime?
True
Is 579599 prime?
False
Is 12347819 a prime number?
False
Is 33204922 a prime number?
False
Is 7794227 a composite number?
True
Is 34973561 a composite number?
True
Is 64438711 composite?
False
Is 36427999 a composite number?
True
Is 120637747 a prime number?
False
Is 13351543 composite?
True
Is 4004083 prime?
False
Is 83265671 composite?
True
Is 19731659 composite?
True
Is 327052993 a composite number?
False
Is 116022893 composite?
True
Is 157267723 a composite number?
True
Is 228061991 prime?
False
Is 2734003 composite?
True
Is 98689373 a prime number?
True
Is 8892281 a prime number?
False
Is 73109 composite?
True
Is 36740237 a composite number?
False
Is 271341227 prime?
True
Is 3022769 a prime number?
True
Is 2348131 prime?
False
Is 2050877 composite?
False
Is 123601903 a prime number?
True
Is 6874009 composite?
True
Is 175520953 a composite number?
False
Is 4593543 composite?
True
Is 271099687 a composite number?
False
Is 440586077 a prime number?
True
Is 554509 a composite number?
True
Is 93074071 composite?
True
Is 15093769 prime?
False
Is 2640271 a prime number?
True
Is 53563093 prime?
False
Is 384380903 composite?
False
Is 1145321 a prime number?
False
Is 3510482 a composite number?
True
Is 3677093 a prime number?
False
Is 13216169 prime?
False
Is 40387315 prime?
False
Is 1822407557 a composite number?
False
Is 119504201 composite?
True
Is 714916805 a prime number?
False
Is 15788327 a prime number?
False
Is 1026111 composite?
True
Is 220855 a prime number?
False
Is 63569893 prime?
False
Is 4952569 a prime number?
True
Is 4643917 a composite number?
True
Is 897727 prime?
True
Is 8760211 a composite number?
True
Is 346331 a prime number?
True
Is 243911 a composite number?
False
Is 25740293 a prime number?
True
Is 4211051 a prime number?
False
Is 760841 a prime number?
True
Is 423122521 prime?
True
Is 302835401 composite?
True
Is 1384517 prime?
False
Is 2119667 prime?
False
Is 242849797 prime?
True
Is 2079443 a prime number?
False
Is 153407 prime?
True
Is 46304149 a prime number?
True
Is 4487939 a composite number?
False
Is 8751527 a prime number?
True
Is 69739589 a composite number?
False
Is 12914497 a composite number?
False
Is 48507377 a prime number?
False
Is 13440839 composite?
False
Is 5453293 a composite number?
True
Is 1937273 prime?
False
Is 6518839 composite?
False
Is 560393 a prime number?
True
Is 4841539 a prime number?
False
Is 61482097 composite?
True
Is 126260269 a prime number?
True
Is 154188977 composite?
True
Is 987461 composite?
True
Is 5211419 a composite number?
True
Is 1797641 a prime number?
True
Is 104294483 a composite number?
False
Is 8788627 a composite number?
False
Is 39880871 a composite number?
True
Is 630797 prime?
True
Is 22390099 composite?
False
Is 30899837 a prime number?
False
Is 42204749 a prime number?
True
Is 2915309 prime?
True
Is 69898799 a prime number?
False
Is 1111921 composite?
False
Is 15727 a composite number?
False
Is 72380069 a prime number?
False
Is 541698229 a composite number?
False
Is 824071 composite?
True
Is 30438493 prime?
False
Is 401696137 a composite number?
True
Is 27051259 a prime number?
False
Is 11230589 a prime number?
True
Is 1617355 a prime number?
False
Is 204691735 a prime number?
False
Is 3643879 a composite number?
True
Is 69913273 composite?
False
Is 9310591 prime?
True
Is 18573589 prime?
True
Is 2812993 a composite number?
False
Is 17303893 composite?
False
Is 40185809 a prime number?
True
Is 648368987 composite?
True
Is 3156191 a prime number?
False
Is 1455407 a composite number?
True
Is 2728499 a composite number?
False
Is 14253383 composite?
False
Is 25969235 composite?
True
Is 118503127 a prime number?
False
Is 13066147 a prime number?
True
Is 13888759 a prime number?
True
Is 2127607 a prime number?
True
Is 63119831 prime?
True
Is 5880307 a composite number?
False
Is 62815367 a prime number?
True
Is 60663227 prime?
True
Is 245301439 a prime number?
True
Is 1707929 a composite number?
True
Is 109350679 composite?
False
Is 1809029 prime?
True
Is 41317033 composite?
False
Is 1006801 a composite number?
True
Is 31628811 prime?
False
Is 2657906 a composite number?
True
Is 129622 composite?
True
Is 343295 prime?
False
Is 584587 a prime number?
True
Is 2465641 prime?
True
Is 151973431 a composite number?
False
Is 10140583 a prime number?
True
Is 3880207 comp